s 15101 composite?
False
Is 39469 a prime number?
False
Is 171131 prime?
True
Is 1152343 prime?
True
Is 61717 prime?
True
Is 105491 a prime number?
True
Is 1931 composite?
False
Is 282221 composite?
False
Is 4721261 composite?
False
Is 38359 a prime number?
False
Is 84914 composite?
True
Is 30643 a composite number?
False
Is 61331 composite?
False
Is 49417 a prime number?
True
Is 1801 a prime number?
True
Is 140405 a composite number?
True
Is 2302 prime?
False
Is 99707 a prime number?
True
Is 411883 prime?
True
Is 861199 a composite number?
False
Is 15969 prime?
False
Is 833467 a prime number?
True
Is 40343 prime?
True
Is 13613 a composite number?
False
Is 6547 prime?
True
Is 189087 composite?
True
Is 4903 a prime number?
True
Is 12601 composite?
False
Is 45737 a composite number?
False
Is 4595 a composite number?
True
Is 9509 a prime number?
False
Is 144527 prime?
False
Is 581989 a prime number?
False
Is 695549 prime?
False
Is 4569 composite?
True
Is 142993 a composite number?
False
Is 86717 a composite number?
True
Is 517 a prime number?
False
Is 28643 a prime number?
True
Is 2039 prime?
True
Is 177109 a prime number?
True
Is 19739 prime?
True
Is 1087 a prime number?
True
Is 2939 a composite number?
False
Is 125863 a prime number?
True
Is 3306971 a composite number?
False
Is 2179 a prime number?
True
Is 4971 composite?
True
Is 48157 prime?
True
Is 288311 a prime number?
False
Is 352883 composite?
False
Is 1741 a composite number?
False
Is 69613 a prime number?
False
Is 9719 prime?
True
Is 154459 a composite number?
False
Is 50527 a prime number?
True
Is 216823 a prime number?
False
Is 3065 composite?
True
Is 540139 composite?
False
Is 240593 a composite number?
True
Is 1031995 a prime number?
False
Is 3793 prime?
True
Is 4283 a composite number?
False
Is 1256863 a prime number?
True
Is 474139 composite?
True
Is 12449 composite?
True
Is 56141 a composite number?
True
Is 7817 prime?
True
Is 1363967 prime?
False
Is 3989 prime?
True
Is 81383 a composite number?
True
Is 88721 prime?
True
Is 76333 prime?
True
Is 20807 composite?
False
Is 3224909 prime?
True
Is 35491 prime?
True
Is 5227 a composite number?
False
Is 663503 composite?
True
Is 1610923 composite?
False
Is 36021 prime?
False
Is 127 prime?
True
Is 34253 a prime number?
True
Is 85081 prime?
True
Is 11071 a composite number?
False
Is 123 a prime number?
False
Is 84787 prime?
True
Is 4271 composite?
False
Is 199333 a composite number?
True
Is 49299 prime?
False
Is 10489 a composite number?
True
Is 237821 prime?
True
Is 198461 a composite number?
False
Is 362573 prime?
False
Is 174683 prime?
False
Is 454855 prime?
False
Is 96443 composite?
False
Is 9237 a prime number?
False
Is 9853 prime?
False
Is 1049333 composite?
False
Is 363091 a composite number?
True
Is 7201 composite?
True
Is 58129 composite?
False
Is 1415 prime?
False
Is 110221 prime?
True
Is 6521 a composite number?
False
Is 545041 composite?
True
Is 94321 composite?
False
Is 240257 a composite number?
False
Is 28151 a prime number?
True
Is 17377 composite?
False
Is 492227 composite?
False
Is 689 composite?
True
Is 102761 prime?
True
Is 123811 prime?
False
Is 70051 a composite number?
False
Is 266979 prime?
False
Is 2344517 prime?
False
Is 272227 a composite number?
False
Is 256777 a composite number?
True
Is 37079 a prime number?
False
Is 31567 a composite number?
False
Is 338059 a prime number?
False
Is 139489 composite?
True
Is 8149 composite?
True
Is 11959 a composite number?
False
Is 3551 composite?
True
Is 8681 a composite number?
False
Is 2769787 a composite number?
False
Is 991 composite?
False
Is 5227 a composite number?
False
Is 613861 a composite number?
False
Is 65077 a composite number?
True
Is 1831667 prime?
True
Is 6467 composite?
True
Is 21733 a prime number?
False
Is 4009 a prime number?
False
Is 294893 composite?
False
Is 4487 prime?
False
Is 5414 a prime number?
False
Is 24383 a composite number?
True
Is 4819 composite?
True
Is 850693 prime?
False
Is 15449 prime?
False
Is 353939 prime?
True
Is 2561 a prime number?
False
Is 35891 a composite number?
True
Is 75745 a prime number?
False
Is 485281 prime?
False
Is 117797 a composite number?
False
Is 2237 prime?
True
Is 1075843 a prime number?
True
Is 2293 composite?
False
Is 12289 a prime number?
True
Is 907 prime?
True
Is 457021 prime?
True
Is 280607 a composite number?
False
Is 325891 a composite number?
False
Is 60437 a composite number?
True
Is 923501 a composite number?
False
Is 81611 a prime number?
True
Is 52135 composite?
True
Is 84343 prime?
False
Is 205889 a prime number?
False
Is 17993 prime?
False
Is 10663 a prime number?
True
Is 1838741 prime?
True
Is 13501 a composite number?
True
Is 58471 prime?
False
Is 6683 a prime number?
False
Is 77309 a composite number?
True
Is 1903 composite?
True
Is 1399 a composite number?
False
Is 59973 a composite number?
True
Is 683 a prime number?
True
Is 125663 prime?
False
Is 68959 prime?
False
Is 6898 composite?
True
Is 9647 a composite number?
True
Is 3101 a prime number?
False
Is 579427 a composite number?
False
Is 1492347 prime?
False
Is 20467 prime?
False
Is 15149 prime?
True
Is 292897 a composite number?
True
Is 3973213 a prime number?
True
Is 323987 a prime number?
True
Is 7079 prime?
True
Is 1177 a prime number?
False
Is 372542 composite?
True
Is 2153 prime?
True
Is 37894 a composite number?
True
Is 278353 a prime number?
True
Is 156929 composite?
True
Is 503 a prime number?
True
Is 12839 a composite number?
True
Is 4727 prime?
False
Is 1345557 a composite number?
True
Is 200006 composite?
True
Is 10427 prime?
True
Is 11449 a prime number?
False
Is 3389 composite?
False
Is 41573 prime?
False
Is 2503 composite?
False
Is 728589 a prime number?
False
Is 469 a composite number?
True
Is 2631 composite?
True
Is 453527 a prime number?
True
Is 16871 composite?
False
Is 8501 a composite number?
False
Is 43705 a composite number?
True
Is 26747 composite?
True
Is 227594 prime?
False
Is 76697 a composite number?
False
Is 10417 a composite number?
True
Is 174203 composite?
True
Is 51749 a composite number?
False
Is 909577 a composite number?
False
Is 241673 prime?
False
Is 8819 prime?
True
Is 24623 composite?
False
Is 528469 a composite number?
False
Is 9173 a composite number?
False
Is 1624567 composite?
True
Is 18923 a prime number?
False
Is 20267 a prime number?
False
Is 243899 a composite number?
True
Is 844601 composite?
False
Is 1021327 a prime number?
True
Is 26801 a prime number?
True
Is 999133 a prime number?
True
Is 810737 prime?
True
Is 418127 prime?
False
Is 7331 composite?
False
Is 649 a composite number?
True
Is 3011 prime?
True
Is 1154707 composite?
False
Is 3847 composite?
False
Is 9689 composite?
False
Is 2995 composite?
True
Is 283763 a prime number?
True
Is 158677 prime?
False
Is 5963 a composite number?
True
Is 176369 prime?
True
Is 3831 a composite number?
True
Is 20101 composite?
False
Is 68307 a prime number?
False
Is 22247 prime?
True
Is 65827 prime?
True
Is 28745 a composite number?
True
Is 4717 a composite number?
True
Is 7817 a composite number?
False
Is 224579 composite?
False
Is 26339 a prime number?
True
Is 484079 prime?
True
Is 5854 prime?
False
Is 16843 a prime number?
True
Is 101513 a composite number?
False
Is 6007 a prime number?
True
Is 85009 prime?
True
Is 101081 a prime number?
True
Is 300743 prime?
True
Is 2303045 a prime number?
False
Is 54451 composite?
True
Is 185429 a prime number?
True
Is 16487 a composite number?
False
Is 7507 prime?
True
Is 47623 prime?
True
Is 16869 prime?
False
Is 2287 a composite number?
False
Is 29459 a prime number?
False
Is 34939 a prime number?
True
Is 6187 a composite number?
True
Is 103397 a composite number?
True
Is 549983 composite?
True
Is 193273 a prime number?
False
Is 20761 prime?
False
Is 49318 composite?
True
Is 3821 composite?
False
Is 10801 a composite number?
True
Is 399679 a prime number?
False
Is 4725499 a prime number?
True
Is 1280861 prime?
False
Is 1157 a composite number?
True
Is 236107 a composite number?
False
Is 66277 composite?
True
Is 459014 prime?
False
Is 72097 a composite number?
True
Is 1708033 a composite number?
False
Is 49267 composite?
True
Is 422321 composite?
False
Is 797 a composite number?
False
Is 71653 a composite n